ded by 2.
0
Let q = -18 + 37. Calculate the remainder when 74 is divided by q.
17
What is the remainder when (-2169)/(-45) - 4/(-5) is divided by 25?
24
Let u = -89 + 153. What is the remainder when u is divided by 17?
13
What is the remainder when 26 is divided by (6 + -4 - -1)*(0 - -3)?
8
Suppose 19 = 2*j - 81. Let a be 103/5 + (-6)/(-15). Let f = j - a. Calculate the remainder when f is divided by 10.
9
Let y(d) = d**2 + 2*d - 4. Let x = -88 + 130. Calculate the remainder when x is divided by y(3).
9
Let y = 0 - -4. Let p(x) be the first derivative of 2*x**3/3 - 5*x**2/2 + 3*x - 1. Calculate the remainder when 43 is divided by p(y).
13
Suppose -7 = 4*u - 5*u. Let i be (1 + 2 + 9)/2. Let w = i - -6. What is the remainder when w is divided by u?
5
Let j(u) = 7*u**3 + 2*u**2 - u. Suppose 4*g = 2*q - 3*q + 61, 2*q = -3*g + 47. Calculate the remainder when g is divided by j(1).
7
Let i = 137 + -96. Let a = 140 - 99. Suppose 2*j - 5*u = 23, -3*j - a = -6*j + u. What is the remainder when i is divided by j?
13
Suppose 44 = 7*h - 68. What is the remainder when 72 is divided by h?
8
Let d(z) = -5*z**3 - 2*z**2 - 2*z - 1. Let h be d(-2). Suppose -h = 3*a - 209. Calculate the remainder when a is divided by (-232)/(-12) - 4/(-6).
18
Suppose 0 = -5*g + 4*g + 7. Let t(y) = -y + 16. Let w be t(g). Let h = w - 3. What is the remainder when 17 is divided by h?
5
Suppose 0 = 3*q - r - 27, -2*q = 3*r - 14 - 15. Let i(o) = o**2 + 3*o + 4. What is the remainder when q is divided by i(-3)?
2
Suppose 2*w + 16 = 4*g + 6*w, -15 = -3*g - 2*w. Let d(s) = -s**2 + 2*s - 1. Let l be d(6). Let u = l + 45. What is the remainder when u is divided by g?
6
Let l(q) = -q**3 - 4*q**2 - 4*q. Let z(m) = m**3 - 2*m**2 - m - 1. Let j be z(2). Let b = -1 + 5. Calculate the remainder when b is divided by l(j).
1
Suppose 0 = 2*c + 2*c + 4*r, -c - 3*r = 10. Suppose 0*j + 90 = c*j. Let i = -11 + 21. Calculate the remainder when j is divided by i.
8
Suppose 0 = -5*h - 0*h + 35. Let p be (15 - 0)/(3/26). Calculate the remainder when ((-2)/(-4))/(5/p) is divided by h.
6
Let l = -28 + 36. What is the remainder when 31 is divided by l?
7
Let h(j) = j**3 - 2*j**2 + 3*j. Let p be 0/((-1)/(1/2)). What is the remainder when h(4) is divided by (2 - p)*6 + 3?
14
Let r = 102 + -97. Suppose -4*o + 4*b = 3*b - 14, -3*o = 2*b - 5. Calculate the remainder when r is divided by o.
2
Let x = 4 - -2. Let k(d) = d**2 - 2*d - 1. Let r be k(3). Suppose -5*t + 85 = r*p, -2*t = -t + 2*p - 17. Calculate the remainder when t is divided by x.
5
Let t(o) = 2*o + 6. Let i = 31 - -4. Calculate the remainder when i is divided by t(6).
17
Let h(m) = -m**3 + 3*m**2 + 7*m - 8. Suppose -3*y + 8*y - 20 = 0. What is the remainder when h(y) is divided by 3?
1
Let x(l) = 2*l - 9. Let y be x(7). Suppose -y*c + 44 = -2*k, 0 = 2*c + k - 10 - 4. Suppose 2*r - r = c. What is the remainder when 22 is divided by r?
6
Suppose -4*c = -9*c + 255. Suppose 24 = 5*p - c. What is the remainder when (20/6 - 2)*21 is divided by p?
13
Suppose -4*a + 48 = 3*i, 4*i + 2*a = -6 + 70. Let p = -26 + 60. Calculate the remainder when p is divided by (i/4)/4*12.
10
Suppose 3652 = -4*x - 4*n, -5*n + 5 = -0*n. Let v = x + 346. What is the remainder when 4/(-10) + v/(-20) is divided by 10?
8
Suppose 2*m - h = h + 32, -3*m - 4*h = -55. What is the remainder when 49 is divided by m?
15
Let m = -31 - -51. Calculate the remainder when 59 is divided by m.
19
Suppose 4*h = 5*h. Suppose -5*d + 11 + 4 = h. Let y(n) = -3*n**3 - n**2 - 2*n - 1. What is the remainder when y(-1) is divided by d?
0
Let s = -6 + 21. Calculate the remainder when 42 is divided by s.
12
Suppose 5*l + 0 = 10. Suppose -i - l*i = -12. What is the remainder when i is divided by 3?
1
Suppose 16 = j + 5. What is the remainder when 40 is divided by j?
7
Suppose 10*j = 7*j + 33. Suppose -n + 10 = -2*h, 3*n = -2*h + 8 + 6. What is the remainder when j is divided by n?
5
Let w be (70/5)/(3/12). Suppose 4*z - 25 = -5*i, 2*i + 0*i = 5*z - w. What is the remainder when 29 is divided by z?
9
Suppose 2*m = -5*i + 138, 0*i + 60 = 2*i + 2*m. Suppose 3*d = d + 150. What is the remainder when d is divided by i?
23
Let a(p) = -13*p + 4. Let h = -16 + 11. Calculate the remainder when a(h) is divided by 18.
15
Let r = 74 + -22. What is the remainder when r is divided by 27?
25
Let v(y) = -3*y + 8. Calculate the remainder when v(-14) is divided by 26.
24
Let r(g) = -g**3 + 6*g**2 - 6*g + 7. Suppose -4 = -x + 1. What is the remainder when r(x) is divided by 1?
0
Suppose 0 = 2*r - 62 + 20. Calculate the remainder when r is divided by 6.
3
Suppose 3*n - 216 = -3*l, 0*l - 354 = -5*n + l. What is the remainder when n is divided by 25?
21
Let m(l) = -56*l**3 - 2*l - 1. What is the remainder when m(-1) is divided by 30?
27
Let l = 8 + -2. Suppose l*w - 111 = -15. Calculate the remainder when ((-61)/((-1)/1))/1 is divided by w.
13
What is the remainder when 1290/27 - 2/(-9) is divided by 17?
14
Suppose -3*d = -4*d + 9. What is the remainder when (-4)/((3/4)/(-3)) is divided by (6/3 + -1)*d?
7
Let j(f) = -f**2 + 7*f + 2. Calculate the remainder when 3 is divided by j(7).
1
Calculate the remainder when ((-10)/5 + -1)*-41 is divided by 42.
39
Let r(u) = -u**2 + 15*u - 1. Calculate the remainder when r(6) is divided by 14.
11
Suppose 23 = f - l, 6*f - 65 = 3*f + 2*l. Suppose 14 = 4*h - 26. What is the remainder when f is divided by h?
9
Let w = 15 - -38. Suppose q - 2*q - c + 92 = 0, 0 = 2*q + c - 182. Suppose 0*j - 5*j = -q. Calculate the remainder when w is divided by j.
17
Let z be (6/(-8))/(4/176). Let g = -12 - z. Suppose -19 = -3*y + 2*v, 2*y - 4*v = -v + g. What is the remainder when 8 is divided by y?
2
Suppose 1 + 11 = -4*g. What is the remainder when 27 is divided by (g - -13)*3/2?
12
Let j be 381*(0 - 1/(-3)). Suppose -4*d + 0*t = 3*t - j, t - 61 = -2*d. Calculate the remainder when d is divided by 10.
8
Suppose -5*f + 3*f - 9 = -a, -66 = -5*a + 3*f. Calculate the remainder when 59 is divided by a.
14
Calculate the remainder when 38 is divided by -4*1/(-8)*26.
12
Suppose -6*t + 10*t - 76 = 0. What is the remainder when t is divided by 11?
8
Let h = -1 - -13. What is the remainder when 45 is divided by h?
9
Suppose 2*s - 301 = -49. Suppose -4*j + 5 - 1 = 0. Calculate the remainder when 30 is divided by s/8 - j/(-4).
14
Let n(a) = a**2 + 3*a + 4. Calculate the remainder when 11 is divided by n(-2).
1
Let m = 166 - 163. What is the remainder when 4 is divided by m?
1
Let i(b) = 9*b - 112. What is the remainder when 3*2*17/2 is divided by i(14)?
9
Let l be 120/(-21) - 4/14. Let p = 10 - l. Calculate the remainder when ((-46)/(-5))/((-1)/(-5)) is divided by p.
14
Let t(f) = -4*f - 3. Suppose 0*c + 270 = 5*c. Let n = 94 - c. What is the remainder when n is divided by t(-6)?
19
Suppose 3*y - 35 = 2*y. Suppose k - 87 = -y. Calculate the remainder when k is divided by 27.
25
Suppose -69 = -5*i + 56. What is the remainder when i is divided by 9?
7
Let k(l) = 8*l - 52. What is the remainder when 258 is divided by k(13)?
50
Let o(k) = 3*k**2 + 4*k + 3. Suppose 4 = -3*i + i. What is the remainder when o(i) is divided by 4?
3
Suppose 1 = 3*w - 23. Suppose 5*r = 2*z + 30 + 26, 0 = r + 3*z - 1. Let v = 32 - r. Calculate the remainder when v is divided by w.
6
Let r(x) = -x**3 - 15*x**2 + 28*x - 5. Calculate the remainder when r(-17) is divided by 25.
22
What is the remainder when 33 is divided by (-2)/(-4) - (-161)/14?
9
Suppose 2*c = -3*b + 81, 0 = -0*c - 3*c. Let w = -251 + 257. What is the remainder when b is divided by w?
3
Let u(a) = -a + 10. Let q(k) = -k**2 + 6*k - 7. Let v be q(6). What is the remainder when u(v) is divided by 6?
5
Let b(j) = -j**3 - 8*j**2 - 7*j. Let q be b(-7). Suppose 2*i = 2*z + 16, q = 2*i + z + 4*z - 44. What is the remainder when 46 is divided by i?
10
Let k = 5 - 4. Let g be k/1 - (3 - 2). Suppose 0 = 5*q - g*q - 145. What is the remainder when q is divided by 10?
9
Calculate the remainder when 19 is divided by 1/(30/(-33) - -1).
8
Suppose 3*k - 16 = -2*g, 0 = -3*g - 0*k - 4*k + 23. Suppose 4*r + 5*f - 48 = 0, -7*r + 5*f + 8 = -3*r. Calculate the remainder when r is divided by g.
2
Calculate the remainder when (-10)/(4/(-12)*1) is divided by 12.
6
Let d be 12/(-2) + 3 - -12. Let n(r) = 4*